 = d*i - 134. Calculate the greatest common factor of i and t.
30
Let f = 25 - 28. Let w be 1 + f - -4 - -14. Let y = -9 + w. What is the highest common factor of y and 35?
7
Suppose -440 + 128 = -8*j. Suppose -5*t = -91 + 6. Suppose -p = m - 7, 3*m + 2*p + 0*p = t. Calculate the highest common factor of m and j.
3
Let i(l) = 4*l**2 - 2*l + 1. Let u be i(0). Calculate the greatest common factor of u and 2.
1
Let j be 51/68 - -1*(-109605)/(-20). Calculate the greatest common divisor of 84 and j.
21
Let r = -8515 - -8619. What is the highest common factor of r and 494?
26
Let b = 74931 - 34214. What is the greatest common divisor of 19 and b?
19
Let v(b) = 68*b - 1927. Let h be v(29). Let q = -16 + 25. What is the greatest common divisor of h and q?
9
Let x(l) = -6*l - 24. Let p be x(-7). Let y = -13 + 15. Suppose y*t - c - 248 = 3*c, t - 129 = -3*c. What is the highest common divisor of t and p?
18
Let c(d) = 0*d + 4*d + 19 - 3*d. Suppose -g + 2*s = 4, -2*g + 1 = -5*s + 7. Let i be c(g). What is the greatest common factor of i and 77?
11
Suppose 2*f + 93 - 97 = k, -5*k = -3*f - 8. What is the greatest common divisor of 188 and f?
4
Let c be (2580/48 - 17)/((-9)/(-444)). What is the highest common factor of c and 37?
37
Let s = -37 + 34. Let p(v) = -53*v**3 - 7*v**2 + 6*v + 6. Let c be p(s). Calculate the greatest common divisor of 12 and c.
12
Let m = -9949 + 13342. Calculate the greatest common factor of 27 and m.
9
Let c = -47 + 71. Let u(z) = -z**3 - 14*z**2 - 14*z - 22. Let h be u(-13). Let i be (9/h)/(1/(-312)). What is the greatest common divisor of i and c?
24
Let n = 2923 + -1003. Calculate the greatest common factor of 45 and n.
15
Suppose -9*o + 8*o - 3*n = -203, -o = 2*n - 200. Let c = 218 - o. Calculate the highest common divisor of c and 64.
8
Suppose -f + 714 = 4*r, -5*r + r - 12 = 0. Let v be 1/(-4) + f/88. What is the highest common factor of 232 and v?
8
Suppose 237 = 26*u - 23*u. Let s be (1 - (-6 - -10)) + u. What is the highest common divisor of 57 and s?
19
Suppose 71*m + 3531 = -m + 10731. Calculate the greatest common divisor of m and 6450.
50
Let q = -512 + 572. Suppose -q = -5*p - 4*x, -6*p + 7*p - 23 = -3*x. Calculate the greatest common divisor of 7 and p.
1
Let d be ((-52)/(-32))/(-13) + 1925/40. Let k = 248 + -168. What is the greatest common divisor of d and k?
16
Let p be (2/(-6))/((-52)/14976). Calculate the highest common divisor of 198 and p.
6
Let p = 6078 + -5614. Calculate the highest common factor of p and 72.
8
Let o = 0 - -21. Let h(f) = -f**2 + 77*f + 977. Let n be h(-11). What is the greatest common factor of o and n?
3
Suppose 40*d + 89*d - 2556 = -13*d. What is the greatest common factor of d and 23418?
18
Let m = -1057 + 1094. Suppose 2*k - 244 = t, -k + 6*k = -2*t + 601. Suppose -10 = 3*o - k. Calculate the greatest common divisor of m and o.
37
Suppose s = -4*s - 25, 4*i = -3*s + 45. Let k be (i/2)/((-144)/(-3840)). What is the highest common divisor of 25 and k?
25
Let f(d) be the third derivative of 3*d**3 + 0 + 14*d**2 + 0*d + 1/24*d**4. Let h be f(-15). What is the greatest common divisor of 21 and h?
3
Let d(m) = -8 - 51 - 33 - 12*m + 22. Let n be d(-6). Calculate the highest common divisor of 16 and n.
2
Suppose -396 + 720 = 6*h. Calculate the greatest common divisor of h and 270.
54
Suppose -499594 - 1163635 = -71*j - 156*j. What is the highest common divisor of j and 51?
17
Let s = 102 + -60. Suppose -2*t + s = 5*f, 3*t + 5*f - 39 = 24. Calculate the greatest common divisor of 49 and t.
7
Let m be (1 - 187)/(76/(-152))*(-5)/(-3). Calculate the greatest common factor of 80 and m.
20
Let k = 98 + -94. Suppose 2*t - 4 = 2*g, -g - 6 - 8 = -k*t. What is the greatest common factor of 2 and g?
2
Suppose 5*y + 4*a = 115, -5*y - 2*a - a = -115. Suppose 0 = -20*g + y*g - 360. What is the greatest common factor of g and 48?
24
Let x(b) = -2*b**3 - 8*b**2 + b + 1. Let d be x(-4). Let t be (86/(-5))/(4/(17 - d)). Let r = 110 + t. Calculate the highest common factor of 120 and r.
24
Let g(p) = 18 + 28 + p - 34. Let j be g(16). Suppose j*z = 30*z - 60. What is the highest common factor of z and 120?
30
Suppose -805 = 5*k - 28*k. Let j = 1 + k. Calculate the highest common divisor of 234 and j.
18
Let q = -320 - -331. Let a be q/(55/15) + 282/2. Suppose 3*u - 54 = -3*r - 0*u, -r = 3*u - 22. What is the highest common divisor of r and a?
16
Suppose 4*x + 3*a = 292 + 319, 4*a = 3*x - 477. Let c = -10276 - -10281. What is the greatest common divisor of x and c?
5
Let u(y) = -3*y + 26 + 51 + 6 + 30. Let j be u(-10). What is the highest common divisor of 39 and j?
13
Suppose 4*p - 30 = 30. Let d(i) = 10*i - 22. Let b be d(p). Calculate the greatest common factor of 4 and b.
4
Let z be ((-108)/28 + 3)*21*3. Let k = z + 102. Let r = -31 - -43. What is the greatest common divisor of k and r?
12
Let y(k) = -10*k + k**2 - 39 + 43 - 17 - 15. Let a be y(13). Calculate the greatest common divisor of 187 and a.
11
Let t(x) = -x**3 - 52*x**2 - 6*x + 4853. Let a be t(-50). What is the highest common factor of 24021 and a?
153
Let i be 8/3 + 4/(-84)*-7. Suppose i*w + o + 0*o - 75 = 0, -124 = -5*w - 2*o. What is the highest common divisor of w and 312?
26
Let a(v) = -v + 42. Let x be a(0). Let p = 46 - -462. Let k = p + -480. What is the highest common factor of k and x?
14
Let s(r) = 14*r + 11. Let c(n) = 15*n + 12. Let h(z) = -3*c(z) + 4*s(z). Let d be h(2). Let x = d + 60. Calculate the highest common divisor of 18 and x.
18
Let b(u) = 23*u**2 - 105*u + 15. Let y be b(5). Calculate the highest common factor of 3835 and y.
65
Suppose -88 = -317*n + 309*n. Let p(w) = -14*w - 1. Suppose -4*m + 0*m - 12 = -z, -2*m - 24 = 4*z. Let q be p(m). What is the greatest common factor of n and q?
11
Suppose 0 = -0*d - d + 4, -v - 2*d + 7 = 0. Let z(s) = -s**2 + 4*s - 2. Let a be z(4). Let t be 6/4*a/v. Calculate the highest common divisor of t and 12.
3
Let f(p) = 2*p + 15. Let l be f(-9). Let w be (3 - (l + 4)) + 38. Suppose 0 = -10*h - 0*h + 2800. What is the greatest common divisor of w and h?
40
Let i be (-59862)/(-8) - ((-26)/8 - -6 - 2). Calculate the highest common divisor of i and 12.
6
Suppose -48708 = -625*b - 277*b. Let j be 126/(-5)*15/(-3). Calculate the greatest common factor of j and b.
18
Let m(p) = -p**3 - 22*p**2 + 26*p + 71. Let o be m(-23). Suppose x - 3*s = -2*x + 36, o*x - 3*s = 24. Calculate the highest common divisor of x and 6.
6
Let c be (-25)/((-375)/(-45))*(-1450)/6. What is the greatest common factor of 29 and c?
29
Let m(a) = a**3 + 15*a**2 - 52*a + 12. Let y be m(-18). Let h be (-2432)/y + 4/(-3). Calculate the greatest common factor of h and 40.
20
Suppose -51*v + 9*v - 35*v + 1216908 = 0. What is the highest common factor of v and 72?
36
Let y = 341 + -334. Let u(l) = 4*l**2 - 11*l - 2. Let a be u(y). What is the greatest common factor of 26 and a?
13
Suppose 131*i + 37720 = 172*i. Calculate the highest common factor of 280 and i.
40
Let k be 1*24/52 - 1476/(-13). What is the highest common divisor of 23028 and k?
114
Let h = -240 - -366. Let u be (-1184)/(-22) - (-19)/(5016/48). Calculate the greatest common factor of h and u.
18
Suppose 0 = 3*n, 5*y - 5*n - 132 = 598. Suppose 11*v - 118 - y = 0. Suppose 0*r = 3*r - 48. What is the greatest common factor of v and r?
8
Suppose -109*l + 9354 = -42*l + 242. What is the greatest common divisor of 1411 and l?
17
Let y be 1930/2123 + 149206/22. What is the highest common factor of 119 and y?
119
Suppose 13 = 3*y + 4. Suppose 8 = -4*o, -h + 11 = -y*o - 16. What is the greatest common factor of h and 42?
21
Let c(w) = -7*w + 6. Let s be c(-5). Let q = -20293 + 21400. Calculate the greatest common factor of s and q.
41
Let c = 678 - 78. What is the greatest common divisor of c and 64?
8
Let q = -20365 + 20433. Let y = 1777 + -1233. What is the highest common divisor of y and q?
68
Suppose 2*d + 4*n + n - 27 = 0, n = -3. Suppose 9*r = -4*j + 156, 34*j = 33*j + 5*r - 19. What is the greatest common factor of d and j?
21
Let o = -3109 - -3197. Let u be 20/15*33/2. What is the greatest common divisor of o and u?
22
Let z(d) = 2113*d - 5050. Let o be z(8). What is the highest common factor of o and 2?
2
Suppose -2*j + 7*j - 1415 = 0. Let y = -243 + j. Calculat